
7
Suppose 0 = 11*c - 7179 - 8397. What is the hundreds digit of c?
4
Suppose -134 = -2*o + 4*n, 4*n - 12 + 0 = 0. Suppose 0*b + b - o = 5*w, -w - 53 = -b. What is the tens digit of b?
4
Let l(o) = -o + 200 + 2*o**2 - 193 - 8*o**2 + 8*o**3. What is the tens digit of l(2)?
4
Let g be 1*6*(-16)/(-48). Let f(s) = -s + 4*s - g*s. What is the units digit of f(2)?
2
Suppose m - 3 = -v, 2*v = m + 4*m + 6. Suppose 0 = -2*a - v*a + 10. Suppose -a*k + 46 = -y, k + 2*y + 11 = 34. What is the units digit of k?
3
Let z = -96 - -97. What is the hundreds digit of ((-6)/(z + 2))/2 + 144?
1
Suppose 0 = v + 5*u + 3 + 12, 2*u = -2*v - 54. What is the units digit of ((-48)/v)/((-2)/(-10))?
8
Suppose w = 3*q - 1, 4*q + 3 = -4*w + w. Suppose -7*h + 3*h + 12 = q. What is the tens digit of (-1)/h - (-256)/12?
2
What is the tens digit of (20 + -8 + -1)*166?
2
Let w(z) = 3*z**3 - 4*z - 5. Let f be w(-3). Let o = f - -183. What is the tens digit of o?
0
Let n be 0 + ((-4)/(-10) - 192/80). What is the tens digit of (-32)/(-144) + (8956/(-18))/n?
4
Suppose 8279 = 6*d - 5239. What is the tens digit of d?
5
Suppose -5*x = -2*k + 5 + 1, -6 = -2*k + 2*x. Suppose -2*v + 9 = -k*v - 5*d, 0 = 5*v + 5*d + 5. What is the units digit of v?
1
Let j(v) = 2*v**2 + 51*v + 295. What is the hundreds digit of j(-35)?
9
Let z(r) = 2*r + 20. Suppose -4*h = -4, -2*x - 12 = 3*x + 3*h. What is the units digit of z(x)?
4
Let p(j) = 2*j + 5. Suppose 2*h - 5*c - 7 = 2, 3*h = -3*c + 3. Let k be p(h). Suppose 5*y + 68 = k*y. What is the tens digit of y?
1
Suppose 12 + 595 = c. What is the hundreds digit of c?
6
Suppose -f = -2 - 4. Let p(m) = 7*m - 11. Let i be p(f). Suppose -59 - i = -5*o. What is the tens digit of o?
1
Let l(d) = -d - 20. Let u be l(-16). What is the tens digit of 42 - u/(4/(-3))?
3
Suppose 4*g - 12 = -4*d, 2*g + 2*d = g + 4. Let m = g + 2. Suppose o + m*c = -0*c + 39, o - 4*c = 23. What is the tens digit of o?
3
Let w(v) = v**3 - 5*v**2 + 5*v - 4. Let q be w(4). Let a be 1*(q - 0/1). Suppose a + 70 = 2*o. What is the units digit of o?
5
Suppose -4*x + 92 = -2*j, 0 = 4*x - 9*x. Let z = j - 18. Let t = z + 109. What is the units digit of t?
5
Suppose 4*y = 3*y + 4*r - 7, 0 = 3*y - 2*r + 21. Let z(s) = -2*s - 9. What is the units digit of z(y)?
5
Let v = 303 - -204. What is the tens digit of v?
0
Let u = 9 + -12. Let b be 2 + (u - -3) - -3. Suppose b*m - 35 = -5. What is the units digit of m?
6
Let h(j) = -11*j - 20. Let q(x) = -11*x - 19. Let v(s) = 6*h(s) - 5*q(s). What is the units digit of v(-8)?
3
Let u(d) = d**3 - 14*d**2 + 27*d - 10. Let b be u(14). Suppose 0 = 4*y - b - 268. What is the hundreds digit of y?
1
Let y = 93 - -98. Suppose -4*p - 8 = 0, y = 5*v - 0*p - 3*p. What is the tens digit of v?
3
Let o be 36/(-30)*4/((-8)/5). Suppose 8 = q - 1. Let g = q + o. What is the units digit of g?
2
Let r = 3 + -1. Suppose r*v + 0 - 14 = 0. What is the units digit of (-172)/(-14) - 2/v?
2
Suppose 0 = w - 2*k - 3, 4*w = 4*k + 4 + 4. Let v = w + 8. Suppose 2*p - 35 - v = 0. What is the tens digit of p?
2
Suppose 4*c - 369 - 19 = 0. What is the units digit of c?
7
Suppose -357 - 193 = 2*m. Let b = m + 407. What is the tens digit of b?
3
Suppose -4*w = -3*w - 15. Let i(v) = -14*v + 118. Let t be i(9). Let p = t + w. What is the units digit of p?
7
Let g(j) = -37*j**2 - 3*j + 7. Let n be g(3). Let m = 479 + n. Suppose 0*x + m = 4*b - 2*x, -3*x = 4*b - 134. What is the units digit of b?
5
Let l = 120 + -55. What is the tens digit of 20*-8*(-26)/l?
6
Suppose 0*t + 5*t = -4*n - 4, 4*n + 2*t - 8 = 0. Suppose 4*i - 5*p - 244 = 0, -5*p + 10*p = -n*i + 244. What is the units digit of i?
1
Let u(o) = 5*o**3 - 11*o**2 + 22*o + 4. What is the hundreds digit of u(7)?
3
Suppose 4*x + 36 = 6*x. Let h = -24 + x. What is the units digit of 44 + 4 + (h - -2)?
4
Suppose 4*s = -8, -21*s - 3032 = -2*v - 18*s. What is the thousands digit of v?
1
Let p be ((-2)/3)/(10/(-60)). Let t be (10/(-5) - -2) + p. Let i = t - -76. What is the tens digit of i?
8
Let p be (-2551)/(-8) + 2/16. Suppose 3*z - m = 231, 3*z + z - 5*m - p = 0. What is the units digit of z?
6
Let k be 2 + (-74 - -2 - 3). Let j = k + 105. What is the tens digit of j?
3
Let s be 10 - (6 - 6/3). Suppose 335 = s*t - 433. What is the hundreds digit of t?
1
Let y(v) = 10*v**2 + 110*v - 855. What is the tens digit of y(8)?
6
Suppose 10*h - 15*h - p + 2359 = 0, -2*p - 2347 = -5*h. What is the hundreds digit of h?
4
Let v be ((-1)/(-2))/(9/(-18)). Let c = 17 + v. Suppose -2*m + 6 = -c. What is the units digit of m?
1
Suppose -2*r + 2236 = -2*x, -5*r = -3*x - 4670 - 918. What is the units digit of r?
7
Let r(h) = 5*h - 22. Let a be r(5). Suppose a*x = -4*i - 532 + 1500, 2*i - 3*x = 484. What is the hundreds digit of i?
2
Let a = -10726 + 6966. Let f be a/(-60) - 2/3. Suppose 4*b - 78 - f = 0. What is the tens digit of b?
3
Let g be 2*-1*10/4. Let q = 5 - g. Suppose -h + q = -1. What is the tens digit of h?
1
Let y = -885 + 1161. What is the hundreds digit of y?
2
Suppose 6*l + 3*w - 52 = l, 0 = -3*l - w + 32. Let q(r) = 11 - 10*r - 11*r**2 - 15*r**2 + 27*r**2. What is the units digit of q(l)?
2
Let q = 11 - 8. Suppose 0 = -q*d - 12, -4*i - 5*d = -0*d. Suppose -i*k = -k - 32. What is the units digit of k?
8
Suppose 4*n + 2 - 7 = -q, 4*n - 8 = -4*q. What is the units digit of (-2)/(q/(-14) - 0)?
8
Suppose 0 = 4*d + 3*z - 15, -12 - 8 = -4*z. Suppose d*r - 127 = -w + 2*r, 251 = 2*w - 5*r. What is the units digit of w?
3
Suppose 23 + 28 = -3*y. Let i = y - -25. What is the units digit of i?
8
Suppose -4*s = 2*j - 2608, 5*s + 5*j - j = 3260. What is the tens digit of s?
5
Suppose 0 = -23*f + 28*f - 160. Suppose 699 = f*s - 29*s. What is the hundreds digit of s?
2
Let b(d) = -d**3 - 10*d**2 + 11*d - 3. Let l be b(-11). What is the units digit of 10/(-15) - 140/l?
6
What is the hundreds digit of (-59)/(((-2)/(-3))/(-29 - -27))?
1
Suppose 2*l + 4*z - z = -325, 0 = -5*l - 3*z - 808. Let a = -100 - l. Suppose 4*x = 3*q - 167, q - x - 3*x - a = 0. What is the tens digit of q?
5
Suppose 5*z - 150 - 290 = 0. Suppose 3*h + 301 - 52 = 3*v, -4*h + z = v. What is the units digit of v?
4
Suppose 0 = 2*i - 3*i + 1337. What is the hundreds digit of i?
3
Suppose -904 = -2*b + 5*p, -3*b - 17*p + 15*p + 1356 = 0. What is the tens digit of b?
5
Let i(q) = 10*q - 2*q + 1 + 0. Let h be i(7). Let w = h - 39. What is the tens digit of w?
1
Let s(n) = 3*n - 9. Let v be s(4). Suppose 5*l - v*t + 4*t = 118, 0 = 5*l - t - 122. What is the units digit of l?
4
Let o(q) = 3 + 3*q**2 + 2 + 6*q - 2*q - 2. Let t = -6 - -3. What is the units digit of o(t)?
8
Let g(i) = i + 8. Let y(s) = s**3 + 5*s**2 + 7*s + 8. Let z be y(-4). What is the units digit of g(z)?
4
Suppose -27 = -a - 17. Suppose a*b - 1200 + 90 = 0. What is the tens digit of b?
1
Suppose 0 = 675*y - 683*y + 13928. What is the hundreds digit of y?
7
Suppose -5*s + 198 = -6*s. Let d = -117 - s. What is the units digit of d?
1
Suppose -2*l = -4*v - 14, -2*v + 18 = 4*l - 20. Let c(h) = 2*h**2 - 14*h + 5. What is the units digit of c(l)?
1
Suppose -139*a + 39860 = -119*a. What is the units digit of a?
3
Let k = 7 + -3. Suppose 396 = k*f - m, -f = 3*m + 7 - 106. What is the tens digit of f?
9
Let x = -17 + 18. Let v(l) = l**2 - l - 1. Let o(c) = -c**2 + 10*c + 6. Let h(n) = x*o(n) + 2*v(n). What is the tens digit of h(-10)?
2
Suppose -2*r + 3738 = 2*p + 1018, p = -5*r + 6800. What is the hundreds digit of r?
3
Let s = 102 + -98. Let c(x) = 51*x - 10. What is the tens digit of c(s)?
9
What is the thousands digit of ((-6)/(-24))/((-3)/(-6))*4754?
2
Let j(m) = -47*m - 3. Let d(y) = 46*y + 2. Let n(s) = -4*d(s) - 3*j(s). Let p be ((-1)/(-6)*2)/(21/(-63)). What is the units digit of n(p)?
4
Suppose 0 = 5*x - 49*a + 47*a - 18193, -x - 5*a = -3617. What is the tens digit of x?
3
Let q be (21/(-6))/7*0. Suppose 5*z = -2*v + 16, -16 = -3*z - 0*v + 2*v. Suppose 0 = 5*r + w - 155, -z*r + 124 = -q*w + 3*w. What is the units digit of r?
1
Let p be (-14 - 2)*(-135)/12. Suppose 4*x - 4*r = x + 166, 4*x + 5*r = p. What is the tens digit of x?
5
Let g = -12 - -10. Let c be (0/(3 + -2))/g. Suppose c*o + 76 = 4*t + 2*o, 4*o = 0. What is the units digit of t?
9
What is the hundreds digit of 1028 + (7 - (-3 - -1))?
0
Let q be 488/48 - 1/6. Let f be 